m. What is the units digit of r?
7
Let d(t) = -t**2 + 11*t - 7. Let a be d(10). Suppose -5*c + 26 = a*p, -2*c + 3 = -p - 3. What is the units digit of p?
2
Let g(t) = 2*t**2 + 9*t - 9. What is the tens digit of g(-8)?
4
Let p(o) = 3*o**3 - 2*o**2 + 10*o - 29. What is the tens digit of p(4)?
7
Suppose -5*k - 10 = 15. Let w(f) = f + 7. Let x be w(k). What is the units digit of (x/(-4))/((-3)/30)?
5
Let p = -3 - -7. Suppose c - 145 = -p*c. What is the units digit of c?
9
Suppose 0 = 4*x + 23 - 123. What is the tens digit of x?
2
Suppose 6*k + 1560 = k. What is the units digit of (2/(-4))/(12/k)?
3
Suppose 0 = -9*d + 11 + 52. What is the units digit of d?
7
Suppose -3*h + 2*h + 12 = 0. What is the units digit of h?
2
Let y be 11 + 4 - 0/1. What is the tens digit of 3/y - (-118)/10?
1
Let d = 54 - 27. What is the units digit of d?
7
Let r be -1 - (-5*1 + 0). Suppose -m = -d - 9, 2*m - 23 = d - r*d. Suppose 1 - m = -3*f. What is the units digit of f?
3
What is the tens digit of 2/(-5) + 501/15?
3
Let v(b) = 12*b**2 - b. Let l be v(1). Let i = -2 + l. Suppose 3*n = -0*n + i. What is the units digit of n?
3
Suppose 4*n - 3 + 11 = 0. Let l be 41 - (-1 - -1)/n. Suppose l = 5*c + 16. What is the units digit of c?
5
Suppose -x + 67 = -2*u, 4*u - 224 = -4*x - 4. What is the units digit of x?
9
Suppose 5*b = 40 + 40. Let d = -2 + b. What is the units digit of d?
4
Let s(q) = -2*q**3 - 3*q**2 - 4*q - 1. What is the tens digit of s(-3)?
3
What is the tens digit of 2052/45 + (-2)/(-5)?
4
Let v(m) be the second derivative of -m**4/12 - 7*m**3/6 + 5*m**2/2 + m. Let u be v(-7). Let k = u - 2. What is the units digit of k?
3
Let x = 2 - -3. Suppose m = x*y - 3*m - 160, 5*m - 32 = -y. What is the tens digit of y?
3
Let d be ((-80)/24)/(2/(-3)). Suppose 48 + 137 = d*u. What is the tens digit of u?
3
Let t(a) = 49*a - 63. What is the units digit of t(5)?
2
Let b(a) = a**2 + 6*a + 9. Let n be b(-6). What is the units digit of 2/(-6) + 21/n?
2
Suppose -2*z - 4*j = -208, -2*z + 4*j + 450 = 3*z. What is the tens digit of z?
9
Let i(p) = p**2 + 2*p - 16. Let k(g) = -g - 1. Let l(y) = -i(y) + 6*k(y). Let d be 3/6 - (-17)/(-2). What is the tens digit of l(d)?
1
Let q = 84 - 46. Let h = 60 - q. What is the tens digit of h?
2
Let h be 198/(-10) - (-1)/(-5). Let a = -12 - h. What is the units digit of a?
8
Suppose -3*f + 24 = -2*j, -5*f = 2*j - j - 40. Let y = 15 - f. What is the units digit of y?
7
Let x(u) = -25*u + 1. Let p be (-1)/5 - 24/30. What is the tens digit of x(p)?
2
Suppose 0 = -0*u - u + 4. Suppose -u*t = -24 + 4. What is the units digit of t?
5
Suppose -3*d + 7 = -8. Let c(s) = 2*s - 4. Let j be c(d). Let z = j - 2. What is the units digit of z?
4
Let j(a) be the second derivative of -1/3*a**3 - 2*a + 0 - 4*a**2. What is the units digit of j(-6)?
4
Let z(p) = -p**3 - 9*p**2 + 20*p + 40. What is the tens digit of z(-12)?
3
Suppose 0*c = c - 8. What is the units digit of c?
8
Let d be (4 - 0)*(-3)/(-3). Suppose -4 = -4*k + b + b, 0 = -d*b. What is the units digit of ((-7)/(-3) + k)*3?
0
Let n(t) = -t**3 - t**2 + t + 1. Let i(y) = 4*y**3 + 7*y**2 - 6*y - 7. Let h(a) = -i(a) - 6*n(a). Let f be h(1). Let c = f + -1. What is the units digit of c?
1
Suppose -3*n = 3*p - 510, -299 = -3*p + 3*n + 217. What is the units digit of p?
1
Suppose -4*t = -t - 18. Let j be (3/t + -1)*6. What is the units digit of 3/(j*(-3)/6)?
2
Let i(o) = -3*o - 2. Let k be 0 + -1 - (-16 - 0). Suppose k = -6*c + c. What is the units digit of i(c)?
7
Suppose 3*i - 9 = 3. Suppose 0*j = i*j - 36. What is the units digit of j?
9
Let z(u) = -u - 8. Let l be z(-8). Suppose -48 = -l*q - 3*q. Suppose -2*y + 6*y = 3*o + q, 11 = y + o. What is the units digit of y?
7
Let m(l) = -2*l**2 + 2*l + 1. Let f be m(-1). Let s = f - -17. What is the tens digit of s?
1
Suppose 0 = -c + 91 + 28. What is the hundreds digit of c?
1
Suppose -3*n + 56 = -n. What is the tens digit of n?
2
Suppose 3*n - 1 + 4 = 0. What is the tens digit of 26 + -1*(-2 - n)?
2
Let t be (-11)/(-4) - 7/(-28). Suppose -2*x + 46 = 3*u, 9 = -2*u + t*x + 31. What is the tens digit of u?
1
Suppose -6 = -2*x, 0*x - x = 4*q - 7. Let i be q*-7 - -2 - -2. What is the units digit of i/(-15) - (-14)/5?
3
Let j = 120 + -95. What is the tens digit of j?
2
Suppose 0 = -t - 4*m + 6 + 4, -m = 5*t - 31. What is the units digit of t?
6
Suppose -c + 3*v - 129 = -2*c, -218 = -2*c + 4*v. What is the hundreds digit of c?
1
Let c(f) be the first derivative of f**3/3 - 7*f**2/2 - f + 1. Let x be c(7). What is the units digit of (2 - -4)*x/(-2)?
3
What is the units digit of 1 + -1 + 79 + 8?
7
Suppose -3*m - x - 1 = -3, 2*x = 2*m - 12. Suppose -j + 2*j - 7 = 0. Suppose m*f - j*f = -35. What is the units digit of f?
7
Let p(k) = k**3 - 4*k**2 + 3*k - 6. Let d be p(4). What is the tens digit of (6 - d) + 14*1?
1
Let n be 6/(-15) + (-2)/(-5). Let q = n - -7. What is the units digit of 2/q - (-12)/7?
2
Suppose -3*b = b - 16. Suppose 3*c = -d - b, -d + 16 = -4*c - 5*d. What is the tens digit of c - -14 - (-9)/9?
1
Suppose 0 = -2*c - 2*y + 16, -2*y + 37 = 5*c - 0*y. What is the units digit of c?
7
Suppose 3*g + g + 16 = 0. Suppose 0 = -6*z + z + 5*k + 80, 0 = 5*z + 2*k - 115. What is the units digit of (-2)/g + z/6?
4
Let f(p) = -p - 1. Let b = 2 + -6. Let k be f(b). Suppose -4*t + 5 + k = 0. What is the units digit of t?
2
Let d = 50 + -35. What is the units digit of d?
5
Let r = 67 - 46. Let u = r - 10. What is the units digit of u?
1
Suppose 5*q = -4*h + 171, 167 = q + 4*q + 3*h. What is the tens digit of 4*(-4)/(-16)*q?
3
Suppose -8*a = -13*a + 40. What is the units digit of a?
8
What is the tens digit of -2*(388/(-8) - 4)?
0
Let x(y) = 1 - 3*y + 11 - 7. What is the tens digit of x(-6)?
2
Suppose -90 = -p - 61. What is the tens digit of p?
2
Let n(y) = -2*y**2 - 10*y + 7. Let k be n(-8). Let t = k - -72. What is the tens digit of t?
3
Let c(s) = -s**3 - 4*s**2 - 5*s - 2. Let o be c(-3). Suppose 132 - 9 = 5*y - 2*f, o*f = -16. What is the tens digit of y?
2
Suppose 4*g - 2*g = 4. Suppose -59 = -5*q + 31. Suppose g*l = -l + q. What is the units digit of l?
6
Suppose -3*s - 5 = -26. What is the units digit of s?
7
Suppose -8 = -0*d - 2*d. Let z(o) = o**3 - 3*o**2 - 4*o + 5. Let f be z(4). Suppose -19 = -d*j + w, 5*j + f*w - 44 = 11. What is the units digit of j?
6
Suppose -5*a = -q + 13, 2*q - 48 = a - 2*a. What is the units digit of q?
3
Let h be (1 + 3/9)*3. What is the units digit of h/(-6) - 87/(-9)?
9
Let n(k) = 281*k. Let m be n(1). Suppose -5*d = m - 86. What is the tens digit of -1 + -2 + d/(-3)?
1
Let y(g) = -10*g + 43. Let z(h) = -7*h + 29. Suppose -3*a + n = 21, -5*a - 4*n - 28 = 7. Let u(m) = a*z(m) + 5*y(m). What is the units digit of u(0)?
2
Let h(k) = 2*k**3 - 2*k**2 - 3*k. What is the hundreds digit of h(6)?
3
Let x = 4 - -1. Suppose 4*m + 4*s = s + 43, 3*m + 5*s = 46. Let q = m - x. What is the units digit of q?
2
Let q(a) = a. Let u(z) = 7*z - 5. Let x(c) = 6*q(c) - u(c). Let p be x(0). Suppose 0*y + y = p*l - 2, -3*l = 4*y - 15. What is the units digit of y?
3
Suppose 0 = 2*x + x. Let o = x - -2. Suppose 3*j - o = 4*w + 28, 71 = 4*j + 5*w. What is the units digit of j?
4
Suppose 10*m = m + 180. What is the tens digit of m?
2
Let m = 138 + -98. What is the units digit of m?
0
Let b(n) = -2*n. Let r be b(2). What is the units digit of 31 - (r - (-12)/3)?
1
Suppose -2*o + 4*m + 86 = 0, 6*o - 132 = 3*o + 5*m. What is the units digit of o?
9
Let d = 17 - 14. Suppose -2*r - r = d*n - 36, -4*n - 3*r + 47 = 0. What is the units digit of n?
1
Suppose y - 6*y = -555. What is the tens digit of y?
1
Let z(t) = -4*t - 3. Let x be z(-6). Let w = x + -12. Suppose -9 = -3*s + w. What is the units digit of s?
6
Let i(u) = 100*u**2. Let p be i(-1). What is the units digit of p/15 - 4/6?
6
Suppose -t + 2*q - 8 = 0, -4*t + 0*q + 18 = 2*q. Suppose 0 = -4*a - 5*b + 81, 0 = -4*a + t*b + 96 + 6. Let u = a + -14. What is the tens digit of u?
1
Suppose 7 = -p + 4*m - 3, 4 = -4*p + 4*m. What is the tens digit of 6 + 10 + (4 - p)?
1
Let v be (1 - 3)/(-2)*5. Suppose v*g + 0*x = -x - 69, 42 = -2*g - 4*x. Let k = -8 - g. What is the units digit of k?
5
Suppose 2*b - 189 = 3*w, 13*b = 9*b - 3*w + 369. What is the units digit of b?
3
Let x(p) = p - 3. Let v be x(6). Let y = 0 - -